- 54?
-4e
In base 6, what is 1 - -1040?
1041
In base 11, what is -46 - -1?
-45
In base 7, what is 401 + 3?
404
In base 3, what is 110111 - -10?
110121
In base 8, what is -4 + -54?
-60
In base 15, what is -1 + -242?
-243
In base 11, what is 256 - -5?
260
In base 10, what is 5 + -10?
-5
In base 12, what is 0 - -1157?
1157
In base 9, what is 3 - -172?
175
In base 2, what is 101011111 - 10010?
101001101
In base 4, what is -11 - 32101?
-32112
In base 4, what is -10 - -1021?
1011
In base 11, what is -4 + -11?
-15
In base 6, what is 310 + -5?
301
In base 13, what is -10 + -56?
-66
In base 15, what is 3 - 63c?
-639
In base 15, what is dd + -3d?
a0
In base 6, what is -30 - 1?
-31
In base 13, what is -7 + 239?
232
In base 9, what is 24 + -60?
-35
In base 6, what is 5241 - -2?
5243
In base 2, what is -100 + 110100?
110000
In base 5, what is 2 - 233?
-231
In base 2, what is 11111 + 11?
100010
In base 14, what is -a + -d?
-19
In base 10, what is -104 + 1?
-103
In base 4, what is 0 + 10330?
10330
In base 2, what is -1 + -10000100?
-10000101
In base 4, what is 2 - -10?
12
In base 6, what is -4 - -24?
20
In base 2, what is -1101011010 - 1000?
-1101100010
In base 4, what is 1311100 - -10?
1311110
In base 3, what is 20 + -10010?
-2220
In base 12, what is -4 - -92?
8a
In base 3, what is -20011 - 11?
-20022
In base 9, what is -11 - 87?
-108
In base 6, what is 4 + 432?
440
In base 11, what is -219 + -1?
-21a
In base 12, what is -2 + 52?
50
In base 16, what is 41 + 20?
61
In base 7, what is -21 - -123?
102
In base 2, what is -10000111010 - 0?
-10000111010
In base 8, what is -12314 - 5?
-12321
In base 5, what is 0 - 1404?
-1404
In base 11, what is 5 - 32?
-28
In base 2, what is 10110011010101 + 11?
10110011011000
In base 11, what is -9 + -32?
-40
In base 6, what is -40351 + -2?
-40353
In base 2, what is 0 + 1101111?
1101111
In base 11, what is -641 + -5?
-646
In base 15, what is -6 + -209?
-210
In base 4, what is -1 - -1010?
1003
In base 14, what is -14 + 5?
-d
In base 10, what is 284 - 2?
282
In base 10, what is 4 - -121?
125
In base 2, what is 101 + 1110011011?
1110100000
In base 10, what is 12 + -134?
-122
In base 9, what is -8 - -114?
105
In base 16, what is -3c - 1?
-3d
In base 4, what is 0 + 1300033?
1300033
In base 12, what is b2 - -182?
274
In base 9, what is 11338 - 5?
11333
In base 15, what is 25 - 9?
1b
In base 9, what is -1 - -81?
80
In base 16, what is 1 + -11e?
-11d
In base 5, what is -421 - 3?
-424
In base 16, what is -43 + -12?
-55
In base 3, what is -12010 - 111?
-12121
In base 8, what is -40 + 6?
-32
In base 7, what is -1142 - 36?
-1211
In base 12, what is 4724 + -3?
4721
In base 14, what is 1 - 24?
-23
In base 16, what is 4 - -377?
37b
In base 14, what is -25 + 3?
-22
In base 16, what is -2 + -2c0?
-2c2
In base 11, what is -5 + -19?
-23
In base 15, what is 30 + -3?
2c
In base 10, what is 851 + 9?
860
In base 6, what is -11 + -242?
-253
In base 13, what is -102 + -5?
-107
In base 3, what is 2 - 10?
-1
In base 10, what is 194 + 21?
215
In base 5, what is -111 - -142?
31
In base 8, what is 11 + 235?
246
In base 13, what is -5 - 29b?
-2a3
In base 5, what is -3112 - -2?
-3110
In base 3, what is -11 + 2010?
1222
In base 9, what is -685 + -3?
-688
In base 3, what is -2 + -20210?
-20212
In base 12, what is -23 - -11?
-12
In base 3, what is -100121 - -2?
-100112
In base 12, what is 468 + 6?
472
In base 8, what is 641 - -5?
646
In base 13, what is 3b05 - 1?
3b04
In base 10, what is -5 + 20?
15
In base 5, what is -120 - 14?
-134
In base 14, what is -8 - -186?
17c
In base 15, what is -4 + 1a?
16
In base 6, what is 145150 - -1?
145151
In base 12, what is -2 - 217?
-219
In base 14, what is -739 - -2?
-737
In base 9, what is 0 + -17?
-17
In base 13, what is -b + -7?
-15
In base 16, what is -2a - -1f?
-b
In base 5, what is -1 + 33?
32
In base 8, what is 4 - 52?
-46
In base 12, what is -6 - 22?
-28
In base 10, what is -2 - -630?
628
In base 4, what is -32113 + 2?
-32111
In base 8, what is -1113 - -2?
-1111
In base 4, what is 3 - -3?
12
In base 3, what is 100021221 - -10?
100022001
In base 3, what is -12 - 22100?
-22112
In base 5, what is -33 - 1443?
-2031
In base 12, what is 4 + 41a?
422
In base 4, what is 2000 + -10?
1330
In base 14, what is 20a - 8?
202
In base 3, what is -2 - -211?
202
In base 15, what is 17 + 0?
17
In base 16, what is -9 - 25?
-2e
In base 6, what is 3 + 20044?
20051
In base 13, what is -29 + 21?
-8
In base 14, what is 0 - -167?
167
In base 5, what is 11 - -1121?
1132
In base 6, what is 4 + 25515?
25523
In base 5, what is -11 + -1224?
-1240
In base 10, what is -4 + 25?
21
In base 15, what is 1 - 6?
-5
In base 10, what is -3 - -46?
43
In base 7, what is 25266 - 1?
25265
In base 11, what is 17 + -3?
14
In base 2, what is 101 - 100011?
-11110
In base 9, what is -668 - 5?
-674
In base 9, what is -6 - -81?
74
In base 3, what is 222022 + -2?
222020
In base 9, what is -14 + 3?
-11
In base 9, what is 213 - -4?
217
In base 14, what is -186 + -2b?
-1b3
In base 3, what is -10201 + -2001?
-12202
In base 15, what is -2de1 - 4?
-2de5
In base 11, what is -16 - -36?
20
In base 15, what is 1a - -3d?
58
In base 12, what is -8a14 + -3?
-8a17
In base 5, what is 4 + -204?
-200
In base 3, what is -210 - 1?
-211
In base 5, what is -140 + -202?
-342
In base 6, what is -1 - -253?
252
In base 6, what is -40 + 24?
-12
In base 4, what is 2 - 11322?
-11320
In base 10, what is -3 - -118?
115
In base 14, what is 0 + 1a20?
1a20
In base 11, what is 3 - 51?
-49
In base 2, what is -10 - -1010?
1000
In base 5, what is -31011 - 12?
-31023
In base 6, what is 0 + 100?
100
In base 15, what is 736 + -1?
735
In base 10, what is -4 + -24?
-28
In base 6, what is -44 + 4?
-40
In base 8, what is -214 + 2?
-212
In base 16, what is -2 - ad?
-af
In base 10, what is -87 + -21?
-108
In base 7, what is 42 - -104?
146
In base 2, what is -11 - -101001101?
101001010
In base 8, what is -1515 - 0?
-1515
In base 16, what is 46 - -a?
50
In base 3, what is 2022 + -100?
1222
In base 16, what is f8 - 1a?
de
In base 2, what is -11 + 1100011?
1100000
In base 11, what is -3 - -1362?
135a
In base 10, what is -48 - 9?
-57
In base 10, what is -3 - -238?
235
In base 5, what is 2 - -3422?
3424
In base 16, what is -428 + 9?
-41f
In base 4, what is 12 - -131013?
131031
In base 10, what is 10 - -4?
14
In base 14, what is -15 + 3?
-12
In base 16, what is 228 + -7?
221
In base 11, what is 33 - -3?
36
In base 11, what is -103 - 17?
-11a
In base 4, what is -13 + -1321?
-2000
In base 3, what is -110112002 - -1?
-110112001
In base 11, what is 156 - 4?
152
In base 14, what is -5 - 1d?
-24
In base 14, what is 4 + -16a?
-166
In base 10, what is -4 + 0?
-4
In base 3, what is -12101 - -110?
-11221
In base 3, what is -100 + -2220122?
-2220222
In base 5, what is -111 - 1232?
-1343
In base 15, what is -18a3 + 1?
-18a2
In base 6, what is -10 + -100?
-110
In base 6, what is -13201 - -5?
-13152
In base 13, what is -8a + -4?
-91
In base 8, what is -2 - -447?
445
In base 12, what is 64 - -7b?
123
In base 14, what is 5 + 105?
10a
In base 13, what is -184 - 7?
-18b
In base 3, what is -122 + 102?
-20
In base 9, what is -5 + -164?
-170
In base 13, what is -5 - -32?
2a
In base 4, what is -232 - -12220?
11322
In base 12, what is -563 - -21?
-542
In base 13, what is 927 + 12?
939
In base 14, what is -32 + 82?
50
In base 16, what is -4b + -5?
-50
In base 11, what is 2 + -36?
-34
In base 15, what is -11 + -11e?
-130
In base 15, what is -4 + 51?
4c
In base 3, what is 210212 - 11?
210201
In base 7, what is 664 - 3?
661
In base 8, what is -364 - 5?
-371
In base 7, what is 5 - 201?
-163
In base 14, what is -13 + 124?
111
In base 4, what is -2 - -10?
2
In base 3, what is -1 + -1212?
-1220
In base 10, what is -1372 + 15?
-1357
In base 16, what is -553 - 2?
-555
In base 9, what is 3 + 1255?
1258
In base 9, what is -2 + 1846?
1844
In base 16, what is -6 + -22?
-28
In base 14, what is 3 + -278?
-275
In base 3, what is 20102 - -10?
20112
In base 4, what is -1321020 - -11?
-1321003
In base 16, what is -3 - 230?
-233
In base 5, what is 2011 + -14?
1442
In base 16, what is 154 - 4?
150
In base 5, what is -4 + 1043?
1034
In base 6, what is 111 + 2?
113
In base 4, what is 21 + -31?
-10
In base 2, what is 111110000111 + -1?
111110000110
In base 15, what 